{"id":31,"date":"2021-07-09T19:32:17","date_gmt":"2021-07-09T17:32:17","guid":{"rendered":"https:\/\/www.hdexpertises.com\/?page_id=31"},"modified":"2021-09-14T16:02:55","modified_gmt":"2021-09-14T14:02:55","slug":"diagnostic-gaz","status":"publish","type":"page","link":"https:\/\/www.hdexpertises.com\/index.php\/diagnostic-gaz\/","title":{"rendered":"Diagnostic Gaz"},"content":{"rendered":"<p>[vc_row css_animation=\u00a0\u00bb\u00a0\u00bb row_type=\u00a0\u00bbrow\u00a0\u00bb use_row_as_full_screen_section=\u00a0\u00bbno\u00a0\u00bb type=\u00a0\u00bbfull_width\u00a0\u00bb angled_section=\u00a0\u00bbno\u00a0\u00bb text_align=\u00a0\u00bbleft\u00a0\u00bb background_image_as_pattern=\u00a0\u00bbwithout_pattern\u00a0\u00bb][vc_column][vc_column_text]<\/p>\n<h1>Le diagnostic de l&rsquo;installation<br \/>\nint\u00e9rieure de gaz<\/h1>\n<p>Le diagnostic doit \u00eatre annex\u00e9 au compromis et \u00e0 l&rsquo;acte de vente notari\u00e9. Inspection des appareils fonctionnant au gaz (chauffage, eau chaude sanitaire, plaques,\u2026) afin de pr\u00e9venir des dangers graves imm\u00e9diats.<br \/>\nLogement \u00e9quip\u00e9 d&rsquo;une installation int\u00e9rieure au gaz de plus de 15 ans.[\/vc_column_text][vc_empty_space][\/vc_column][\/vc_row][vc_row css_animation=\u00a0\u00bb\u00a0\u00bb row_type=\u00a0\u00bbrow\u00a0\u00bb use_row_as_full_screen_section=\u00a0\u00bbno\u00a0\u00bb type=\u00a0\u00bbfull_width\u00a0\u00bb angled_section=\u00a0\u00bbno\u00a0\u00bb text_align=\u00a0\u00bbleft\u00a0\u00bb background_image_as_pattern=\u00a0\u00bbwithout_pattern\u00a0\u00bb][vc_column][vc_single_image image=\u00a0\u00bb16003&Prime; img_size=\u00a0\u00bbmedium\u00a0\u00bb alignment=\u00a0\u00bbcenter\u00a0\u00bb qode_css_animation=\u00a0\u00bb\u00a0\u00bb][\/vc_column][\/vc_row][vc_row css_animation=\u00a0\u00bb\u00a0\u00bb row_type=\u00a0\u00bbrow\u00a0\u00bb use_row_as_full_screen_section=\u00a0\u00bbno\u00a0\u00bb type=\u00a0\u00bbfull_width\u00a0\u00bb angled_section=\u00a0\u00bbno\u00a0\u00bb text_align=\u00a0\u00bbleft\u00a0\u00bb background_image_as_pattern=\u00a0\u00bbwithout_pattern\u00a0\u00bb][vc_column][vc_column_text]<\/p>\n<h2 style=\"text-align: center;\" align=\"center\">Quelle validit\u00e9 ?<br \/>\n3 ans<\/h2>\n<div align=\"center\"><\/div>\n<blockquote><p><strong>loi et d\u00e9cret<\/strong><br \/>\nL 271-4 \u00e0L 271-6 CCH + L134-6 CCH D\u00e9cret 14\/09\/2006<\/p><\/blockquote>\n<p>[\/vc_column_text][\/vc_column][\/vc_row]<\/p>\n","protected":false},"excerpt":{"rendered":"<p>[vc_row css_animation=\u00a0\u00bb\u00a0\u00bb row_type=\u00a0\u00bbrow\u00a0\u00bb use_row_as_full_screen_section=\u00a0\u00bbno\u00a0\u00bb type=\u00a0\u00bbfull_width\u00a0\u00bb angled_section=\u00a0\u00bbno\u00a0\u00bb text_align=\u00a0\u00bbleft\u00a0\u00bb background_image_as_pattern=\u00a0\u00bbwithout_pattern\u00a0\u00bb][vc_column][vc_column_text] Le diagnostic de l&rsquo;installation int\u00e9rieure de gaz Le diagnostic doit \u00eatre annex\u00e9 au compromis et \u00e0 l&rsquo;acte de vente notari\u00e9. Inspection des appareils fonctionnant au gaz (chauffage, eau chaude sanitaire, plaques,\u2026) afin de pr\u00e9venir des dangers graves&#8230;<\/p>\n","protected":false},"author":2,"featured_media":0,"parent":0,"menu_order":0,"comment_status":"closed","ping_status":"closed","template":"","meta":[],"_links":{"self":[{"href":"https:\/\/www.hdexpertises.com\/index.php\/wp-json\/wp\/v2\/pages\/31"}],"collection":[{"href":"https:\/\/www.hdexpertises.com\/index.php\/wp-json\/wp\/v2\/pages"}],"about":[{"href":"https:\/\/www.hdexpertises.com\/index.php\/wp-json\/wp\/v2\/types\/page"}],"author":[{"embeddable":true,"href":"https:\/\/www.hdexpertises.com\/index.php\/wp-json\/wp\/v2\/users\/2"}],"replies":[{"embeddable":true,"href":"https:\/\/www.hdexpertises.com\/index.php\/wp-json\/wp\/v2\/comments?post=31"}],"version-history":[{"count":3,"href":"https:\/\/www.hdexpertises.com\/index.php\/wp-json\/wp\/v2\/pages\/31\/revisions"}],"predecessor-version":[{"id":16005,"href":"https:\/\/www.hdexpertises.com\/index.php\/wp-json\/wp\/v2\/pages\/31\/revisions\/16005"}],"wp:attachment":[{"href":"https:\/\/www.hdexpertises.com\/index.php\/wp-json\/wp\/v2\/media?parent=31"}],"curies":[{"name":"wp","href":"https:\/\/api.w.org\/{rel}","templated":true}]}}